- 7*z - 6. Calculate y(-3).
-3
Let u(r) = -r**3 - 8*r**2 - 4*r + 22. Determine u(-7).
1
Let i(g) = 8*g + 9. What is i(3)?
33
Let a(u) = u**3 - 7*u + 20. Give a(6).
194
Let m(u) = -u**3 + 8*u**2 - 10*u - 5. Give m(6).
7
Let q(w) = -w**2 - 15*w - 43. Determine q(-12).
-7
Let s(p) = -p**2 + 8*p + 9. Determine s(8).
9
Let z(f) = f**3 + f - 15. What is z(0)?
-15
Let n(b) = 23*b + 2. Give n(2).
48
Let t(p) = 2*p. Determine t(5).
10
Let o(x) = 9*x - 28. What is o(6)?
26
Let g(b) = b**2 - 2*b. Calculate g(2).
0
Let j(h) = 3*h. Determine j(6).
18
Let o(b) = -b**2 - 17*b - 54. What is o(-5)?
6
Let y(u) = -3*u. Calculate y(6).
-18
Let g(k) = -37*k - 56. Give g(-1).
-19
Let a(p) = p**3 - 3*p**2 + 7*p - 5. Give a(5).
80
Let l(q) = -q**3 + 13*q**2 - 4*q + 49. What is l(13)?
-3
Let h(f) = f**2 + f + 1. Calculate h(-5).
21
Let r(p) = 5*p**2 + 60*p + 133. What is r(-9)?
-2
Let v(k) = -k**2 + 8*k - 3. Calculate v(2).
9
Let r(o) = -3*o**2 + 13*o + 3. What is r(7)?
-53
Let i(c) = c**3 + 9*c**2 + 10*c - 13. Give i(-8).
-29
Let v(s) = -3*s - 4. Give v(-1).
-1
Let t(v) = v**2 + 11*v - 6. Calculate t(-11).
-6
Let b(f) = f**3 + 3*f**2 - 2. Determine b(-3).
-2
Let i(v) = v**3 - 3*v**2 - 6*v + 1. What is i(4)?
-7
Let s(a) = -a**2 - 8*a - 13. Calculate s(-5).
2
Let v(u) = 2*u**3 - 2*u**2 + 5*u - 8. Calculate v(2).
10
Let a(z) = z**3 + 11*z**2 + 6*z + 17. Calculate a(-11).
-49
Let s(y) = y**2 - 2*y + 6. Calculate s(0).
6
Let b(w) = -w**2 + 8*w - 1. What is b(7)?
6
Let n(y) = 2*y + 14. What is n(-16)?
-18
Let m(g) = 2*g**2 + 6*g - 1. Give m(-8).
79
Let t(r) = r**3 + 14*r**2 - 17*r - 13. Give t(-15).
17
Let g(y) = -2*y - 5. Determine g(-3).
1
Let p(h) = -h**3 - 17*h**2 - 15*h + 19. Give p(-16).
3
Let f(u) = u**3 + 4*u**2 + 4*u + 5. Determine f(-3).
2
Let g(o) = 66*o**2 - o. Give g(-1).
67
Let c(q) = -2*q - 11. Determine c(11).
-33
Let y(s) = -s - 12. Give y(-4).
-8
Let n(q) = 24*q**3 + q**2 - 3*q + 2. Give n(1).
24
Let y(n) = n**2 + 5*n + 5. What is y(-1)?
1
Let b(w) = -4*w**3 + 199*w**2 + 51*w - 50. Give b(50).
0
Let z(t) = -4*t**3 + 3*t**2 - t - 1. What is z(-1)?
7
Let a(m) = 9*m**2 - 9. What is a(-4)?
135
Let m(n) = -60*n**2 + n + 2. What is m(-1)?
-59
Let k(g) = -g**3 - 6*g**2 - 24*g - 157. What is k(-6)?
-13
Let g(y) = -2*y - 5. Calculate g(-5).
5
Let u(k) = k**3 + 5*k**2 + 5*k + 6. Calculate u(-4).
2
Let y(k) = -k**2 + k + 1. Give y(0).
1
Let x(z) = z**3 + 14*z**2 + 14*z + 63. Determine x(-13).
50
Let p(u) = -5*u + 9. Give p(4).
-11
Let n(w) = 7*w + 2. Calculate n(-1).
-5
Let m(z) = -2*z + 62. What is m(30)?
2
Let w(z) = -5*z - 4. What is w(-10)?
46
Let z(j) = 4*j + 1. What is z(-6)?
-23
Let s(q) = -q**3 + 11*q**2 + 11*q - 1. Calculate s(12).
-13
Let s(f) = 5*f + 3. What is s(-1)?
-2
Let c(w) = w**3 - 13*w**2 - 3*w + 22. Determine c(13).
-17
Let k(g) = 20*g - 1. What is k(2)?
39
Let i(t) = -t**2 + 5*t + 5. Give i(3).
11
Let c(t) = t**3 - t**2 + 2*t - 1. Give c(2).
7
Let v(t) = t + 4. Calculate v(11).
15
Let q(j) = 2*j**2 + 18*j + 41. Calculate q(-4).
1
Let u(f) = f**3 + f**2 - 4*f + 2. Calculate u(2).
6
Let m(h) = -18*h + 4. Give m(2).
-32
Let g(w) = w**3 - 10*w**2 + 3*w - 14. Determine g(10).
16
Let h(n) = -n**3 + 12*n**2 - n + 10. Determine h(12).
-2
Let h(s) = 2*s**2 + 33*s + 12. Determine h(-16).
-4
Let q(n) = -3*n - 5. Determine q(0).
-5
Let u(d) = 4*d**2 + 10*d - 21. What is u(-4)?
3
Let l(i) = i**2 + 21*i + 5. Give l(-15).
-85
Let y(h) = -h**3 + 8*h**2 - 2*h + 11. Give y(8).
-5
Let a(s) = s**3 + 14*s**2 - s - 8. Determine a(-14).
6
Let v(u) = u**3 - 9*u**2 - 4*u + 8. What is v(9)?
-28
Let z(l) = 2*l**2 + 32*l + 46. Calculate z(-15).
16
Let b(k) = 2*k**2 - 12*k + 10. Give b(5).
0
Let t(n) = -n**2 + 8*n - 11. Give t(6).
1
Let h(c) = -c + 17. Determine h(10).
7
Let d(x) = -x**3 - 7*x**2 + 2*x + 10. Give d(-8).
58
Let n(x) = -2*x**2. Give n(-1).
-2
Let q(r) = -7*r - 3. Calculate q(-3).
18
Let c(l) = l**3 + l**2 - 7*l - 13. Give c(-3).
-10
Let c(m) = -5*m + 42. Calculate c(8).
2
Let i(f) = -f**3 - 4*f**2 + 6*f + 7. Determine i(-5).
2
Let i(s) = s**3 - 12*s**2 + 2*s - 21. What is i(12)?
3
Let s(x) = 2*x**3 - 6*x**2 - 6*x + 6. Determine s(4).
14
Let n(w) = 7*w - 4. Determine n(3).
17
Let j(p) = p - 47. What is j(22)?
-25
Let v(p) = 6*p + 87. What is v(-12)?
15
Let k(g) = 7*g + 64. Determine k(-9).
1
Let t(v) = -9*v - 42. Determine t(-5).
3
Let f(d) = -d**3 + 6*d**2 + 5*d - 5. Give f(7).
-19
Let t(p) = -p**2 - 10*p + 15. What is t(-11)?
4
Let o(f) = f. Calculate o(3).
3
Let y(g) = -11*g + 1. Calculate y(1).
-10
Let b(u) = u**3 + 7*u**2 + 7*u - 5. Give b(-4).
15
Let v(g) = g**3 - 8*g**2 - 7. Calculate v(8).
-7
Let i(x) = x**2 - 79*x + 303. Calculate i(4).
3
Let o(w) = 4*w**3 - 4*w**2 - w + 3. Calculate o(-2).
-43
Let z(w) = -w + 17. Determine z(13).
4
Let s(l) = l**2 - 2*l - 35. Give s(-6).
13
Let p(x) = x**3 - 9*x**2 + 9*x - 22. Determine p(7).
-57
Let a(u) = u + 7. What is a(-12)?
-5
Let u(p) = 14*p. Give u(-3).
-42
Let n(g) = 3*g**3 - 33*g**2 - g + 24. Determine n(11).
13
Let h(n) = -n**3 - 10*n**2 + 23*n + 6. Determine h(-12).
18
Let x(t) = -t**2 - 17*t - 9. Give x(-14).
33
Let z(w) = -w + 1. Calculate z(5).
-4
Let t(b) = -b**2 - 24*b - 73. What is t(-20)?
7
Let r(y) = -y + 9. Give r(4).
5
Let r(q) = 3*q - 28. What is r(12)?
8
Let c(y) = y - 25. Determine c(4).
-21
Let t(j) = j**3 + 32*j**2 + 25*j - 165. Give t(-31).
21
Let o(w) = -3*w**2 + 12*w - 11. Calculate o(1).
-2
Let k(h) = -h**3 - 4*h**2 + 14*h + 8. Determine k(-6).
-4
Let s(x) = x**2 - 2*x - 6. Calculate s(-4).
18
Let h(v) = v**3 - 2*v**2 - v + 5. What is h(0)?
5
Let j(d) = d**2 + d - 12. Calculate j(-6).
18
Let o(l) = -12*l + 10. Give o(7).
-74
Let u(t) = -t**2 - 24*t + 27. Give u(-25).
2
Let q(n) = 81*n + 565. Give q(-7).
-2
Let v(p) = -p**3 + 7*p**2 - p - 4. What is v(7)?
-11
Let g(b) = b**3 + 7*b**2 - 3*b - 6. Determine g(-3).
39
Let r(d) = -d**2 - 5*d + 9. What is r(-7)?
-5
Let o(m) = -m**3 - 9*m**2 - 6*m + 17. What is o(-8)?
1
Let i(t) = -2*t**3 + 10*t**2 - 4*t + 10. Calculate i(5).
-10
Let t(z) = z**3 + 19*z**2 + 17*z - 12. Determine t(-18).
6
Let g(x) = -x**3 - 10*x**2 + 15*x + 34. Determine g(-11).
-10
Let r(w) = w**3 + 16*w**2 - 39*w - 59. Calculate r(-18).
-5
Let w(m) = -m**3 - 10*m**2 + m + 17. Give w(-10).
7
Let j(d) = -3*d - 1. Calculate j(-6).
17
Let m(b) = -105*b + 1161. Calculate m(11).
6
Let b(d) = -d - 19. Determine b(-14).
-5
Let j(u) = u**2 - 18*u + 58. What is j(11)?
-19
Let y(c) = 18*c + 1. Calculate y(-1).
-17
Let h(i) = i**2 + 27*i - 30. Determine h(-27).
-30
Let p(z) = z**3 - 8*z**2 + 6*z - 16. Determine p(7).
-23
Let l(v) = v**3 + 17*v**2 - 2*v - 40. Calculate l(-17).
-6
Let o(r) = -r**3 - 6*r**2 + 8*r - 1. Determine o(-6).
-49
Let x(o) = 4*o + 63. Determine x(-16).
-1
Let t(y) = 13*y**2 + 90*y + 8. Calculate t(-7).
15
Let l(z) = -3*z - 82. Calculate l(-25).
-7
Let c(h) = -5*h - 12. Determine c(10).
-62
Let n(r) = r**2 - 6*r + 11. What is n(8)?
27
Let b(w) = w**2 - 13*w - 30. Determine b(15).
0
Let r(s) = s. Give r(-2).
-2
Let k(s) = 2*s**3 - 4*s**2 + 30*s - 56. What is k(2)?
4
Let r(a) = 3*a**2 - 49*a - 16. Give r(13).
-146
Let o(n) = 3*n**2 - 65*n - 21. Calculate o(22).
1
Let i(o) = 15*o - 13. Calculate i(7).
92
Let n(d) = 3*d**3 + 22*d**2 + 4*d - 20. Give n(-7).
1
Let k(l) = l - 8. Calculate k(8).
0
Let s(u) = -u**3 - 6*u**2 - 5*u - 6. Calculate s(-5).
-6
Let r(k) = k**3 - 11*k**2 + k - 8. Calculate r(11).
3
Let k(j) = -j**3 + 6*j**2 - 4. Calculate k(6).
-4
Let f(p) = -p**3 - 3*p**2 + 2*p + 3. What is f(-5)?
43
Let t(i) = i**2 - 10*i + 2. Calculate t(10).
2
Let r(p) = p**3 - 23*p**2 + 20*p + 42. Give r(22).
-2
Let w(a) = a**2 - 13*a + 10. Determine w(14).
24
Let w(j) = 2*j**3 + 88*j**2 - 17. Calculate w(-44).
-17
Let s(m) = m**3 + m**2 + 2*m + 7. What is s(-5)?
-103
Let m(h) = h**2 - 2. Calculate m(-2).
2
Let o(l) = -l**2 + 3*l + 3. What is o(5)?
-7
Let f(z) = -10*z - 61. What is f(-6)?
-1
Let r(k) = -2*k**2 - 2*k + 1. What is r(-3)?
-11
Let f(r) = -r**3 + 2*r**2 + 2*r - 5. What is f(3)?
-8
Let a(v) = -v**3 + 8*v**2 + 2*v - 4. Give a(8).
12
Let a(m) = -m**3 - 12*m**2 + 90*m + 84. Give a(-17).
-1
Let n(q) = 5*q - 3. Calculate n(1).
2
Let w(q) = q**3 - 8*q**2 - 18*q - 10. Calculate w(10).
10
Let c(h) = -12*h**2 - 3*h + 3. Determine c(-3).
-96
Let w(k) = -k**2 - 4*k + 32. Det